{"id":423,"date":"2019-07-17T13:11:10","date_gmt":"2019-07-17T17:11:10","guid":{"rendered":"http:\/\/www.linksat.com.bo\/?page_id=423"},"modified":"2019-07-17T13:40:01","modified_gmt":"2019-07-17T17:40:01","slug":"reparacion-de-equipos","status":"publish","type":"page","link":"https:\/\/www.linksat.com.bo\/?page_id=423","title":{"rendered":"Reparaci\u00f3n de Equipos"},"content":{"rendered":"<ul>\n<li>TRANSCEPTORES.<\/li>\n<li>HPA.<\/li>\n<li>BUC\u2019S. C-BAND Y KU-BAND<\/li>\n<li>CONVERTIDORES DE SUBIDA Y BAJADA.<\/li>\n<li>M\u00d3DEM SATELITALES.<\/li>\n<li>GRUPOS ELECTR\u00d3GENOS.<\/li>\n<li>RECTIFICADORES DE ENERG\u00cdA<\/li>\n<li>FUENTES DE ENERG\u00cdA.<\/li>\n<li>EQUIPOS ELECTR\u00d3NICOS INDUSTRIALES.<\/li>\n<\/ul>\n","protected":false},"excerpt":{"rendered":"<div class=\"slide-text-bg2\"><span>TRANSCEPTORES. HPA. BUC\u2019S. C-BAND Y KU-BAND CONVERTIDORES DE SUBIDA Y BAJADA. M\u00d3DEM SATELITALES. GRUPOS ELECTR\u00d3GENOS. RECTIFICADORES DE ENERG\u00cdA FUENTE<\/span><\/div>\n<div class=\"slide-btn-area-sm\"><a href=\"https:\/\/www.linksat.com.bo\/?page_id=423\" class=\"slide-btn-sm\">Leer m\u00e1s<\/a><\/div>\n","protected":false},"author":1,"featured_media":0,"parent":0,"menu_order":0,"comment_status":"closed","ping_status":"closed","template":"fullwidth.php","meta":{"footnotes":""},"class_list":["post-423","page","type-page","status-publish","hentry"],"_links":{"self":[{"href":"https:\/\/www.linksat.com.bo\/index.php?rest_route=\/wp\/v2\/pages\/423","targetHints":{"allow":["GET"]}}],"collection":[{"href":"https:\/\/www.linksat.com.bo\/index.php?rest_route=\/wp\/v2\/pages"}],"about":[{"href":"https:\/\/www.linksat.com.bo\/index.php?rest_route=\/wp\/v2\/types\/page"}],"author":[{"embeddable":true,"href":"https:\/\/www.linksat.com.bo\/index.php?rest_route=\/wp\/v2\/users\/1"}],"replies":[{"embeddable":true,"href":"https:\/\/www.linksat.com.bo\/index.php?rest_route=%2Fwp%2Fv2%2Fcomments&post=423"}],"version-history":[{"count":0,"href":"https:\/\/www.linksat.com.bo\/index.php?rest_route=\/wp\/v2\/pages\/423\/revisions"}],"wp:attachment":[{"href":"https:\/\/www.linksat.com.bo\/index.php?rest_route=%2Fwp%2Fv2%2Fmedia&parent=423"}],"curies":[{"name":"wp","href":"https:\/\/api.w.org\/{rel}","templated":true}]}}